{"id":1477,"date":"2018-11-29T18:27:42","date_gmt":"2018-11-29T17:27:42","guid":{"rendered":"http:\/\/die-getreuen.de\/?page_id=1477"},"modified":"2018-11-29T18:27:42","modified_gmt":"2018-11-29T17:27:42","slug":"gaeste","status":"publish","type":"page","link":"https:\/\/juelich-holstein.de\/index.php\/about\/gaeste\/","title":{"rendered":"Hinweise f\u00fcr G\u00e4ste"},"content":{"rendered":"\n<h3 class=\"has-vivid-red-color has-text-color wp-block-heading\" style=\"font-style:italic;font-weight:500\">Hallo!<\/h3>\n\n\n\n<p>Sch\u00f6n, dass du dich f\u00fcr unsere Lager-Gemeinde interessierst.<br>Folgend findest du ein paar Informationen zu unseren Regeln und Geflogenheiten.<\/p>\n\n\n\n<hr class=\"wp-block-separator has-alpha-channel-opacity\"\/>\n\n\n\n<h3 class=\"wp-block-heading\">(1) Verpflegung<\/h3>\n\n\n\n<p>Wir veranschlagen pro Person und Markttag eine Verpflegungspauschale von 6,00 Euro. Darin enthalten sind ziviles Fr\u00fchst\u00fcck (vor dem Markt), 2 Mahlzeiten w\u00e4hrend des Marktes, Snacks (K\u00e4se, Salami, Gurke, \u00c4pfel) sowie Kaffee, Tee, Wasser und Saft.<\/p>\n\n\n\n<p>Am Aufbautag wird gegrillt.&nbsp;Salate, Grillsaucen und Baguette\/Toastbrot sind in der Verpflegungspauschale enthalten.&nbsp;Grillgut bringt jeder selber mit.<\/p>\n\n\n\n<p>Sonderw\u00fcnsche (Cola, Alkohol, etc.) und Ausw\u00e4rts-Essen (Restaurant, Fast-Food, Lieferdienst) sind selber zu bezahlen.<\/p>\n\n\n\n<hr class=\"wp-block-separator has-alpha-channel-opacity\"\/>\n\n\n\n<h3 class=\"wp-block-heading\">(2) Organisatorisches<\/h3>\n\n\n\n<h4 class=\"wp-block-heading\">(2.1) Allgemein<\/h4>\n\n\n\n<p>Jede\/r ist selber daf\u00fcr verantwortlich, sein Ger\u00fcmpel zum Markt zu bringen und wieder zur\u00fcck.<br>Die Planung des Marktes erfolgt rechtzeitig vor dem Markt. Bei der Essensplanung wird auf Allergien, Unvertr\u00e4glichkeiten und Abneigungen R\u00fccksicht genommen. Bitte teile uns diese rechtzeitig (mind. 2 Wochen vorher) mit.<\/p>\n\n\n\n<p class=\"has-text-align-center\">_____<\/p>\n\n\n\n<h4 class=\"wp-block-heading\">(2.2) Ablauf auf dem Markt<\/h4>\n\n\n\n<p>Unser Tag beginnt ca. 2-3 Std. vor Markt\u00f6ffnung.&nbsp;Wir legen gro\u00dfen Wert darauf, gemeinsam zu fr\u00fchst\u00fccken. Bei den Vorbereitungen packen alle mit an.<\/p>\n\n\n\n<p>Dazu geh\u00f6rt:<\/p>\n\n\n\n<ul class=\"wp-block-list\"><li>Feuer machen (hierf\u00fcr muss ggf. Holz gehackt werden)<\/li><li>Wasser (f\u00fcr Tee\/Kaffee) aufsetzen<\/li><li>Tisch eindecken (ggf. vorher aufr\u00e4umen)<\/li><li>Fr\u00fchst\u00fccksvorbereitungen (Eier kochen etc.)<\/li><\/ul>\n\n\n\n<p>Wir machen uns in der Regel bereits vor dem Fr\u00fchst\u00fcck &#8222;vorzeigbar&#8220;, sprich tragen bereits Gewandung&nbsp;oder sind gar vollst\u00e4ndig hergerichtet.<\/p>\n\n\n\n<p>Nach dem Fr\u00fchst\u00fcck wird der Tisch abgedeckt, das Geschirr abgewaschen und das Lager sowie die Zelte auf &#8222;A&#8220; getrimmt (alles Moderne wegr\u00e4umen).<\/p>\n\n\n\n<hr class=\"wp-block-separator has-alpha-channel-opacity\"\/>\n\n\n\n<h3 class=\"wp-block-heading\">(3) Ausstattung<\/h3>\n\n\n\n<p>Grunds\u00e4tzlich ist unser &#8222;Hausstand&#8220; f\u00fcr etwa 10 Personen ausgelegt. Du ben\u00f6tigst also lediglich eine Unterkunft (eigenes Zelt oder Schlafplatz bei einem Mitglied). Wenn du eigenes Geschirr hast, kannst du dieses gerne mitbringen. Gegebenenfalls brauchst du auch eine eigene Sitzgelegenheit, da sagen wir aber vorher Bescheid.<\/p>\n\n\n\n<hr class=\"wp-block-separator has-alpha-channel-opacity\"\/>\n\n\n\n<h3 class=\"wp-block-heading\">(4) Kleidung<\/h3>\n\n\n\n<p>Idealerweise bist du bereits f\u00fcr eine Hoch- oder Sp\u00e4tmittelalter-Darstellung ausgestattet. Nat\u00fcrlich muss diese nicht zu 100% zu unserer Darstellung passen.<br>Solltest du gar keine Gewandung &#8211; oder keine zur Darstellung passende &#8211; haben, k\u00f6nnen wir dich aus unseren privaten Fundus (<em>plural<\/em>) ausstatten.<\/p>\n\n\n\n<p>Folgend eine Liste mit Links (nur als Referenzen, nicht zwingend als Kaufempfehlung)<\/p>\n\n\n\n<h4 class=\"wp-block-heading\">(4.1) Damen<\/h4>\n\n\n\n<ul class=\"wp-block-list\"><li>Unterkleid aus Leinen oder Baumwolle ( =&gt; <a href=\"https:\/\/burgschneider.de\/unterkleid-freya-natur.html\" target=\"_blank\" rel=\"noopener noreferrer\">vgl.<\/a>)<\/li><li>\u00dcberkleid aus Wolle (=&gt; <a href=\"https:\/\/burgschneider.de\/unterkleid-freya-gruen.html\" target=\"_blank\" rel=\"noopener noreferrer\">vgl.<\/a>)<\/li><li>optional: Sch\u00fcrze aus Leinen oder Baumwolle<\/li><\/ul>\n\n\n\n<h4 class=\"wp-block-heading\">(4.2) Herren<\/h4>\n\n\n\n<ul class=\"wp-block-list\"><li>Unterhemd aus Leinen oder Baumwolle (=&gt; <a href=\"https:\/\/burgschneider.de\/untertunika-leif-hanf.html\" target=\"_blank\" rel=\"noopener noreferrer\">vgl.<\/a>)<\/li><li>Tunika\/Kittel aus Wolle oder Baumwolle (=&gt; <a href=\"https:\/\/burgschneider.de\/kurztunika-erik-grau.html\" target=\"_blank\" rel=\"noopener noreferrer\">vgl<\/a>.)<\/li><li>Bruche (=&gt; <a href=\"https:\/\/burgschneider.de\/bruche-gisbert-natur.html\" target=\"_blank\" rel=\"noopener noreferrer\">vgl.<\/a>) &amp; Beinlinge (=&gt; <a href=\"https:\/\/burgschneider.de\/beinlinge-bernulf-grau.html\" target=\"_blank\" rel=\"noopener noreferrer\">vgl.<\/a>)\n<ul>\n \t<li>alternativ: Hose (=&gt;<a href=\"https:\/\/www.mittelalter.net\/mittelalter-hose-melot--18033.html\" target=\"_blank\" rel=\"noopener noreferrer\"> vgl.<\/a>) (vorzugsweise aus Wolle)<\/li>\n<\/ul>\n<\/li><\/ul>\n\n\n\n<h4 class=\"wp-block-heading\">(4.3) Unisex<\/h4>\n\n\n\n<ul class=\"wp-block-list\"><li>Gugel aus Wolle (=&gt; <a href=\"https:\/\/burgschneider.de\/gugel-cucullus-wolle-braun.html\" target=\"_blank\" rel=\"noopener noreferrer\">vgl.<\/a>)<\/li><li>ggf. Mantel (=&gt; <a href=\"https:\/\/burgschneider.de\/kapuzenumhang-wollfilz-hibernus-grau.html\" target=\"_blank\" rel=\"noopener noreferrer\">vgl.<\/a>)<\/li><li>G\u00fcrtel (=&gt; <a href=\"https:\/\/www.peraperis.com\/Guertel\/Mittelalter-Guertel-Repliken\/Hochmittelalter-Guertel-3.html\">vgl.<\/a> | in Braun, Gr\u00f6\u00dfe S, Schnalle in Messing)<\/li><li>Beutel oder Umh\u00e4ngetasche<\/li><li>Kopfbedeckung (Haube, Kopftuch, M\u00fctze)<\/li><\/ul>\n\n\n\n<p>Schuhe sind optional.<\/p>\n\n\n\n<ul class=\"wp-block-list\"><li>Damen =&gt; <a rel=\"noreferrer noopener\" aria-label=\" (\u00f6ffnet in neuem Tab)\" href=\"https:\/\/www.battlemerchant.com\/Schuhzeug\/Wendeschuhe\/Flache-Schuhe-Ristschnuerung-wendegenaeht::2446.html\" target=\"_blank\">vgl. 1<\/a> | =&gt; <a rel=\"noreferrer noopener\" aria-label=\" (\u00f6ffnet in neuem Tab)\" href=\"https:\/\/www.battlemerchant.com\/Schuhzeug\/Mittelalterliches-Schuhwerk\/Riemenschuhe-mit-Schnalle::6247.html\" target=\"_blank\">vgl. 2<\/a><\/li><li>Herren =&gt; <a href=\"https:\/\/www.battlemerchant.com\/Schuhzeug\/Wendeschuhe\/Hochmittelalterliche-wendegenaehte-Halbstiefel::26508.html\">vgl. 1<\/a> | =&gt; <a href=\"https:\/\/www.battlemerchant.com\/Schuhzeug\/Stiefel\/Hochmittelalterlicher-Halbstiefel-Eberhardt::26027.html\">vgl. 2<\/a> | =&gt; <a href=\"https:\/\/www.battlemerchant.com\/Schuhzeug\/Stiefel\/Hochmittelalterlicher-Halbstiefel-Friedrich::26026.html\">vgl. 3<\/a><\/li><\/ul>\n\n\n\n<p>Bei Zivilschuhen (braune Lederschuhe oder Ballerina) bitte darauf achten, dass nur die Schuhspitze zu sehen ist.<\/p>\n\n\n\n<h4 class=\"wp-block-heading\">(4.4) Farben<\/h4>\n\n\n\n<p>Bitte achte darauf, dass deine Gewandung gedeckte Naturt\u00f6ne hat.<br>Folgende Farben gehen nicht: Schwarz, Wei\u00df, Lila\/Violett.<\/p>\n\n\n\n<hr class=\"wp-block-separator has-css-opacity\"\/>\n\n\n\n<p>Hinweis:&nbsp;Solltest du bereits Kleidung oder Ausstattung haben, kl\u00e4re bitte ab, ob diese passt.<\/p>\n","protected":false},"excerpt":{"rendered":"<p>Hallo! Sch\u00f6n, dass du dich f\u00fcr unsere Lager-Gemeinde interessierst.Folgend findest du ein paar Informationen zu unseren Regeln und Geflogenheiten. (1) Verpflegung Wir veranschlagen pro Person und Markttag eine Verpflegungspauschale von 6,00 Euro. Darin enthalten sind ziviles Fr\u00fchst\u00fcck (vor dem Markt), 2 Mahlzeiten w\u00e4hrend des Marktes, Snacks (K\u00e4se, Salami, Gurke, \u00c4pfel) sowie Kaffee, Tee, Wasser und&hellip; <a href=\"https:\/\/juelich-holstein.de\/index.php\/about\/gaeste\/\" class=\"more-link\">Weiterlesen <span class=\"screen-reader-text\">Hinweise f\u00fcr G\u00e4ste<\/span><\/a><\/p>\n","protected":false},"author":2,"featured_media":0,"parent":100,"menu_order":0,"comment_status":"closed","ping_status":"closed","template":"templates\/full-width-page.php","meta":{"_coblocks_attr":"","_coblocks_dimensions":"","_coblocks_responsive_height":"","_coblocks_accordion_ie_support":"","footnotes":""},"tags":[],"class_list":["post-1477","page","type-page","status-publish","hentry","without-featured-image"],"jetpack_sharing_enabled":true,"_links":{"self":[{"href":"https:\/\/juelich-holstein.de\/index.php\/wp-json\/wp\/v2\/pages\/1477","targetHints":{"allow":["GET"]}}],"collection":[{"href":"https:\/\/juelich-holstein.de\/index.php\/wp-json\/wp\/v2\/pages"}],"about":[{"href":"https:\/\/juelich-holstein.de\/index.php\/wp-json\/wp\/v2\/types\/page"}],"author":[{"embeddable":true,"href":"https:\/\/juelich-holstein.de\/index.php\/wp-json\/wp\/v2\/users\/2"}],"replies":[{"embeddable":true,"href":"https:\/\/juelich-holstein.de\/index.php\/wp-json\/wp\/v2\/comments?post=1477"}],"version-history":[{"count":0,"href":"https:\/\/juelich-holstein.de\/index.php\/wp-json\/wp\/v2\/pages\/1477\/revisions"}],"up":[{"embeddable":true,"href":"https:\/\/juelich-holstein.de\/index.php\/wp-json\/wp\/v2\/pages\/100"}],"wp:attachment":[{"href":"https:\/\/juelich-holstein.de\/index.php\/wp-json\/wp\/v2\/media?parent=1477"}],"wp:term":[{"taxonomy":"post_tag","embeddable":true,"href":"https:\/\/juelich-holstein.de\/index.php\/wp-json\/wp\/v2\/tags?post=1477"}],"curies":[{"name":"wp","href":"https:\/\/api.w.org\/{rel}","templated":true}]}}