{"id":2836,"date":"2022-09-19T14:13:56","date_gmt":"2022-09-19T12:13:56","guid":{"rendered":"https:\/\/die-getreuen.de\/?page_id=2836"},"modified":"2022-09-19T14:13:56","modified_gmt":"2022-09-19T12:13:56","slug":"markus-von-poehla","status":"publish","type":"page","link":"https:\/\/juelich-holstein.de\/index.php\/unsere-darstellung-2\/markus-von-poehla\/","title":{"rendered":"Johann III von Holstein"},"content":{"rendered":"\n<div class=\"wp-block-media-text alignwide is-stacked-on-mobile\"><figure class=\"wp-block-media-text__media\"><img decoding=\"async\" src=\"https:\/\/juelich-holstein.de\/wp-content\/uploads\/2023\/03\/IMG_1094a-1-2.jpg\" alt=\"\" class=\"wp-image-3877 size-full\"\/><\/figure><div class=\"wp-block-media-text__content\">\n<p>Johann III. genannt \u201eder Milde\u201c von Holstein, geboren 1297, gestorben 1359, aus dem Haus der Grafen von Schauenburg und Holstein, war Graf von Holstein-Kiel und Graf von Holstein-Pl\u00f6n.<\/p>\n\n\n\n<p>Seine Mutter Agnes von Brandenburg war vor der Ehe mit Johanns Vater Gerhard II. mit dem d\u00e4nischen K\u00f6nig Erik V. verheiratet gewesen; deshalb war Johann der Halbbruder des d\u00e4nischen K\u00f6nigs Erik VI. Menved.<\/p>\n<\/div><\/div>\n\n\n\n<p>Mit seinem Cousin Gerhard III. ging er gegen andere Mitglieder des Hauses Schauenburg vor und teilte sich mit ihm deren Besitz; so erhielt er Neum\u00fcnster und Preetz. Sp\u00e4ter setzte er sich f\u00fcr seinen weiteren Halbbruder Christoph ein und erhielt daf\u00fcr, als dieser K\u00f6nig von D\u00e4nemark wurde, Fehmarn, sp\u00e4ter auch noch Lolland, Falster, Seeland und Schonen.<\/p>\n","protected":false},"excerpt":{"rendered":"<p>Johann III. genannt \u201eder Milde\u201c von Holstein, geboren 1297, gestorben 1359, aus dem Haus der Grafen von Schauenburg und Holstein, war Graf von Holstein-Kiel und Graf von Holstein-Pl\u00f6n. Seine Mutter Agnes von Brandenburg war vor der Ehe mit Johanns Vater Gerhard II. mit dem d\u00e4nischen K\u00f6nig Erik V. verheiratet gewesen; deshalb war Johann der Halbbruder&hellip; <a href=\"https:\/\/juelich-holstein.de\/index.php\/unsere-darstellung-2\/markus-von-poehla\/\" class=\"more-link\">Weiterlesen <span class=\"screen-reader-text\">Johann III von Holstein<\/span><\/a><\/p>\n","protected":false},"author":2,"featured_media":0,"parent":4280,"menu_order":0,"comment_status":"closed","ping_status":"closed","template":"templates\/full-width-page.php","meta":{"_coblocks_attr":"","_coblocks_dimensions":"","_coblocks_responsive_height":"","_coblocks_accordion_ie_support":"","footnotes":""},"tags":[],"class_list":["post-2836","page","type-page","status-publish","hentry","without-featured-image"],"jetpack_sharing_enabled":true,"_links":{"self":[{"href":"https:\/\/juelich-holstein.de\/index.php\/wp-json\/wp\/v2\/pages\/2836","targetHints":{"allow":["GET"]}}],"collection":[{"href":"https:\/\/juelich-holstein.de\/index.php\/wp-json\/wp\/v2\/pages"}],"about":[{"href":"https:\/\/juelich-holstein.de\/index.php\/wp-json\/wp\/v2\/types\/page"}],"author":[{"embeddable":true,"href":"https:\/\/juelich-holstein.de\/index.php\/wp-json\/wp\/v2\/users\/2"}],"replies":[{"embeddable":true,"href":"https:\/\/juelich-holstein.de\/index.php\/wp-json\/wp\/v2\/comments?post=2836"}],"version-history":[{"count":0,"href":"https:\/\/juelich-holstein.de\/index.php\/wp-json\/wp\/v2\/pages\/2836\/revisions"}],"up":[{"embeddable":true,"href":"https:\/\/juelich-holstein.de\/index.php\/wp-json\/wp\/v2\/pages\/4280"}],"wp:attachment":[{"href":"https:\/\/juelich-holstein.de\/index.php\/wp-json\/wp\/v2\/media?parent=2836"}],"wp:term":[{"taxonomy":"post_tag","embeddable":true,"href":"https:\/\/juelich-holstein.de\/index.php\/wp-json\/wp\/v2\/tags?post=2836"}],"curies":[{"name":"wp","href":"https:\/\/api.w.org\/{rel}","templated":true}]}}