{"id":4280,"date":"2022-09-18T16:05:00","date_gmt":"2022-09-18T14:05:00","guid":{"rendered":"https:\/\/die-getreuen.de\/?page_id=2707"},"modified":"2022-09-18T16:05:00","modified_gmt":"2022-09-18T14:05:00","slug":"unsere-darstellung-2","status":"publish","type":"page","link":"https:\/\/juelich-holstein.de\/index.php\/unsere-darstellung-2\/","title":{"rendered":"Unsere Darstellung"},"content":{"rendered":"\n<div class=\"wp-block-columns is-layout-flex wp-container-core-columns-is-layout-9d6595d7 wp-block-columns-is-layout-flex\">\n<div class=\"wp-block-column is-layout-flow wp-block-column-is-layout-flow\"><div class=\"wp-block-image is-style-rounded\">\n<figure class=\"aligncenter size-full\"><img decoding=\"async\" src=\"https:\/\/juelich-holstein.de\/wp-content\/uploads\/2023\/03\/dagmar_3x4-2-1.png\" alt=\"\" class=\"wp-image-3825\"\/><\/figure>\n<\/div>\n\n\n<p class=\"has-text-align-center\"><a href=\"https:\/\/belladomusnostra.de\/unsere-darstellung\/euphemia-von-holstein\/\" data-type=\"page\" data-id=\"2832\">Gr\u00e4fin Elisabeth von J\u00fclich<\/a><\/p>\n<\/div>\n\n\n\n<div class=\"wp-block-column is-layout-flow wp-block-column-is-layout-flow\"><div class=\"wp-block-image is-style-rounded\">\n<figure class=\"aligncenter size-full\"><img decoding=\"async\" src=\"https:\/\/juelich-holstein.de\/wp-content\/uploads\/2023\/03\/marc_3x4-4.jpg\" alt=\"\" class=\"wp-image-3944\"\/><\/figure>\n<\/div>\n\n\n<p class=\"has-text-align-center\"><a href=\"https:\/\/belladomusnostra.de\/unsere-darstellung\/markus-von-poehla\/\" data-type=\"page\" data-id=\"2836\">Graf Johann III von Holstein<\/a><\/p>\n<\/div>\n<\/div>\n\n\n\n<div class=\"wp-block-columns is-layout-flex wp-container-core-columns-is-layout-9d6595d7 wp-block-columns-is-layout-flex\">\n<div class=\"wp-block-column is-layout-flow wp-block-column-is-layout-flow\"><\/div>\n\n\n\n<div class=\"wp-block-column is-layout-flow wp-block-column-is-layout-flow\"><div class=\"wp-block-image is-style-rounded\">\n<figure class=\"aligncenter size-large is-resized\"><img loading=\"lazy\" decoding=\"async\" src=\"https:\/\/juelich-holstein.de\/wp-content\/uploads\/2023\/03\/302232684_591215492565122_7499765499218883529_n-732x1024.jpg\" alt=\"\" class=\"wp-image-3059\" width=\"300\" height=\"400\"\/><\/figure>\n<\/div>\n\n\n<p class=\"has-text-align-center\">Burgvogt Nikolaus von Pl\u00f6n<br>und Maria von J\u00fclich <\/p>\n<\/div>\n<\/div>\n\n\n\n<div class=\"wp-block-columns are-vertically-aligned-top is-layout-flex wp-container-core-columns-is-layout-9d6595d7 wp-block-columns-is-layout-flex\">\n<div class=\"wp-block-column is-vertically-aligned-top is-layout-flow wp-block-column-is-layout-flow\"><div class=\"wp-block-image is-style-rounded\">\n<figure class=\"aligncenter size-full\"><img decoding=\"async\" src=\"https:\/\/juelich-holstein.de\/wp-content\/uploads\/2023\/03\/andre_3x4-2.jpg\" alt=\"\" class=\"wp-image-3805\"\/><\/figure>\n<\/div>\n\n\n<p class=\"has-text-align-center\">K\u00e4mmerer Andre zu Brux<\/p>\n<\/div>\n\n\n\n<div class=\"wp-block-column is-vertically-aligned-top is-layout-flow wp-block-column-is-layout-flow\"><div class=\"wp-block-image is-style-rounded\">\n<figure class=\"aligncenter size-large is-resized\"><img loading=\"lazy\" decoding=\"async\" src=\"https:\/\/juelich-holstein.de\/wp-content\/uploads\/2023\/03\/babs-3-4-1-769x1024.jpg\" alt=\"\" class=\"wp-image-3965\" width=\"300\" height=\"400\"\/><\/figure>\n<\/div>\n\n\n<p class=\"has-text-align-center\">Hofdame Martha von Bartelsleben<\/p>\n<\/div>\n<\/div>\n\n\n\n<div class=\"wp-block-columns is-layout-flex wp-container-core-columns-is-layout-9d6595d7 wp-block-columns-is-layout-flex\">\n<div class=\"wp-block-column is-layout-flow wp-block-column-is-layout-flow\"><div class=\"wp-block-image is-style-rounded\">\n<figure class=\"aligncenter size-full is-resized\"><img loading=\"lazy\" decoding=\"async\" src=\"https:\/\/juelich-holstein.de\/wp-content\/uploads\/2023\/03\/joost-3-4.jpg\" alt=\"\" class=\"wp-image-3969\" width=\"300\" height=\"396\"\/><\/figure>\n<\/div>\n\n\n<p class=\"has-text-align-center\">Hofmaler Joost<\/p>\n<\/div>\n\n\n\n<div class=\"wp-block-column is-layout-flow wp-block-column-is-layout-flow\"><div class=\"wp-block-image\">\n<figure class=\"aligncenter size-full is-resized\"><img loading=\"lazy\" decoding=\"async\" src=\"https:\/\/juelich-holstein.de\/wp-content\/uploads\/2023\/04\/th-1276067062.jpeg\" alt=\"\" class=\"wp-image-4021\" width=\"300\" height=\"400\"\/><\/figure>\n<\/div>\n\n\n<p class=\"has-text-align-center\">Erbgraf Wilhelm von J\u00fclich<\/p>\n<\/div>\n<\/div>\n\n\n\n<div class=\"wp-block-columns is-layout-flex wp-container-core-columns-is-layout-9d6595d7 wp-block-columns-is-layout-flex\">\n<div class=\"wp-block-column is-layout-flow wp-block-column-is-layout-flow\"><div class=\"wp-block-image is-style-rounded\">\n<figure class=\"aligncenter size-full\"><img loading=\"lazy\" decoding=\"async\" width=\"299\" height=\"398\" src=\"https:\/\/juelich-holstein.de\/wp-content\/uploads\/2023\/03\/120468700_187158182923515_2027543934016349317_n-1-e1678822860807.jpg\" alt=\"\" class=\"wp-image-3087\" srcset=\"https:\/\/juelich-holstein.de\/wp-content\/uploads\/2023\/03\/120468700_187158182923515_2027543934016349317_n-1-e1678822860807.jpg 299w, https:\/\/juelich-holstein.de\/wp-content\/uploads\/2023\/03\/120468700_187158182923515_2027543934016349317_n-1-e1678822860807-225x300.jpg 225w\" sizes=\"auto, (max-width: 299px) 100vw, 299px\" \/><\/figure>\n<\/div>\n\n\n<p class=\"has-text-align-center\">Ritter Wulff de Wisch<\/p>\n<\/div>\n\n\n\n<div class=\"wp-block-column is-layout-flow wp-block-column-is-layout-flow\"><div class=\"wp-block-image is-style-rounded\">\n<figure class=\"aligncenter size-full\"><img decoding=\"async\" src=\"https:\/\/juelich-holstein.de\/wp-content\/uploads\/2023\/03\/till_3x4-2-1.jpg\" alt=\"\" class=\"wp-image-3957\"\/><\/figure>\n<\/div>\n\n\n<p class=\"has-text-align-center\">Hofj\u00e4ger Hartmann de Gerhartinkusen<\/p>\n<\/div>\n<\/div>\n\n\n\n<div class=\"wp-block-columns is-layout-flex wp-container-core-columns-is-layout-9d6595d7 wp-block-columns-is-layout-flex\">\n<div class=\"wp-block-column is-layout-flow wp-block-column-is-layout-flow\"><div class=\"wp-block-image is-style-rounded\">\n<figure class=\"aligncenter size-full is-resized\"><img loading=\"lazy\" decoding=\"async\" src=\"https:\/\/juelich-holstein.de\/wp-content\/uploads\/2023\/03\/flo-lucie-3-4-1.jpg\" alt=\"\" class=\"wp-image-3967\" width=\"300\" height=\"400\"\/><\/figure>\n<\/div>\n\n\n<p class=\"has-text-align-center\">Harper VI &#8222;Mule&#8220; von Lovenberg<br>und Sophia von Merode<\/p>\n<\/div>\n\n\n\n<div class=\"wp-block-column is-layout-flow wp-block-column-is-layout-flow\"><div class=\"wp-block-image is-style-rounded\">\n<figure class=\"aligncenter size-full\"><img decoding=\"async\" src=\"https:\/\/juelich-holstein.de\/wp-content\/uploads\/2023\/03\/ulrike_3x4-2-1.jpg\" alt=\"\" class=\"wp-image-3960\"\/><\/figure>\n<\/div>\n\n\n<p class=\"has-text-align-center\"><a href=\"https:\/\/belladomusnostra.de\/unsere-darstellung\/corinna\/\" data-type=\"page\" data-id=\"2838\">Gro\u00dfmagd Ulrike<\/a><\/p>\n<\/div>\n<\/div>\n\n\n\n<div class=\"wp-block-columns is-layout-flex wp-container-core-columns-is-layout-9d6595d7 wp-block-columns-is-layout-flex\">\n<div class=\"wp-block-column is-layout-flow wp-block-column-is-layout-flow\"><div class=\"wp-block-image is-style-rounded\">\n<figure class=\"aligncenter size-full\"><img decoding=\"async\" src=\"https:\/\/juelich-holstein.de\/wp-content\/uploads\/2023\/03\/jonathan_3x4-2.jpg\" alt=\"\" class=\"wp-image-3940\"\/><\/figure>\n<\/div>\n\n\n<p class=\"has-text-align-center\">K\u00fcchenhilfe Jonathan<\/p>\n<\/div>\n\n\n\n<div class=\"wp-block-column is-layout-flow wp-block-column-is-layout-flow\"><div class=\"wp-block-image is-style-rounded\">\n<figure class=\"aligncenter size-full\"><img decoding=\"async\" src=\"https:\/\/juelich-holstein.de\/wp-content\/uploads\/2023\/03\/anna_3x4-2.jpg\" alt=\"\" class=\"wp-image-3810\"\/><\/figure>\n<\/div>\n\n\n<p class=\"has-text-align-center\">K\u00fcchenhilfe Anna<\/p>\n<\/div>\n<\/div>\n\n\n\n<div class=\"wp-block-columns is-layout-flex wp-container-core-columns-is-layout-9d6595d7 wp-block-columns-is-layout-flex\"><\/div>\n","protected":false},"excerpt":{"rendered":"<p>Gr\u00e4fin Elisabeth von J\u00fclich Graf Johann III von Holstein Burgvogt Nikolaus von Pl\u00f6nund Maria von J\u00fclich K\u00e4mmerer Andre zu Brux Hofdame Martha von Bartelsleben Hofmaler Joost Erbgraf Wilhelm von J\u00fclich Ritter Wulff de Wisch Hofj\u00e4ger Hartmann de Gerhartinkusen Harper VI &#8222;Mule&#8220; von Lovenbergund Sophia von Merode Gro\u00dfmagd Ulrike K\u00fcchenhilfe Jonathan K\u00fcchenhilfe Anna<\/p>\n","protected":false},"author":2,"featured_media":0,"parent":0,"menu_order":0,"comment_status":"closed","ping_status":"closed","template":"templates\/full-width-page.php","meta":{"_coblocks_attr":"","_coblocks_dimensions":"","_coblocks_responsive_height":"","_coblocks_accordion_ie_support":"","footnotes":""},"tags":[],"class_list":["post-4280","page","type-page","status-publish","hentry","without-featured-image"],"jetpack_sharing_enabled":true,"_links":{"self":[{"href":"https:\/\/juelich-holstein.de\/index.php\/wp-json\/wp\/v2\/pages\/4280","targetHints":{"allow":["GET"]}}],"collection":[{"href":"https:\/\/juelich-holstein.de\/index.php\/wp-json\/wp\/v2\/pages"}],"about":[{"href":"https:\/\/juelich-holstein.de\/index.php\/wp-json\/wp\/v2\/types\/page"}],"author":[{"embeddable":true,"href":"https:\/\/juelich-holstein.de\/index.php\/wp-json\/wp\/v2\/users\/2"}],"replies":[{"embeddable":true,"href":"https:\/\/juelich-holstein.de\/index.php\/wp-json\/wp\/v2\/comments?post=4280"}],"version-history":[{"count":0,"href":"https:\/\/juelich-holstein.de\/index.php\/wp-json\/wp\/v2\/pages\/4280\/revisions"}],"wp:attachment":[{"href":"https:\/\/juelich-holstein.de\/index.php\/wp-json\/wp\/v2\/media?parent=4280"}],"wp:term":[{"taxonomy":"post_tag","embeddable":true,"href":"https:\/\/juelich-holstein.de\/index.php\/wp-json\/wp\/v2\/tags?post=4280"}],"curies":[{"name":"wp","href":"https:\/\/api.w.org\/{rel}","templated":true}]}}